{"id":12,"date":"2023-01-10T13:58:57","date_gmt":"2023-01-10T12:58:57","guid":{"rendered":"http:\/\/www2.vogel-gryff-faehri.ch\/?page_id=12"},"modified":"2026-05-09T13:39:38","modified_gmt":"2026-05-09T11:39:38","slug":"12-2","status":"publish","type":"page","link":"https:\/\/www.vogel-gryff-faehri.ch\/","title":{"rendered":"Homepage"},"content":{"rendered":"<p>[et_pb_section fb_built=&#187;1&#8243; fullwidth=&#187;on&#187; _builder_version=&#187;4.17.4&#8243; _module_preset=&#187;default&#187; global_colors_info=&#187;{}&#187;][et_pb_fullwidth_image src=&#187;https:\/\/www.vogel-gryff-faehri.ch\/wp-content\/uploads\/2023\/01\/Klingentalfaehre.jpg&#187; title_text=&#187;OLYMPUS DIGITAL CAMERA&#187; _builder_version=&#187;4.17.4&#8243; _module_preset=&#187;default&#187; global_colors_info=&#187;{}&#187;][\/et_pb_fullwidth_image][\/et_pb_section][et_pb_section fb_built=&#187;1&#8243; fullwidth=&#187;on&#187; _builder_version=&#187;4.17.4&#8243; _module_preset=&#187;default&#187; global_colors_info=&#187;{}&#187;][\/et_pb_section][et_pb_section fb_built=&#187;1&#8243; _builder_version=&#187;4.17.4&#8243; _module_preset=&#187;default&#187; global_colors_info=&#187;{}&#187;][et_pb_row _builder_version=&#187;4.17.4&#8243; _module_preset=&#187;default&#187; global_colors_info=&#187;{}&#187;][et_pb_column type=&#187;4_4&#8243; _builder_version=&#187;4.17.4&#8243; _module_preset=&#187;default&#187; global_colors_info=&#187;{}&#187;][et_pb_text _builder_version=&#187;4.17.4&#8243; _module_preset=&#187;default&#187; global_colors_info=&#187;{}&#187;]<\/p>\n<h2>Herzlich Willkommen auf der Webseite der Vogel Gryff-F\u00e4hre<\/h2>\n<p>[\/et_pb_text][\/et_pb_column][\/et_pb_row][et_pb_row column_structure=&#187;1_2,1_2&#8243; _builder_version=&#187;4.17.4&#8243; _module_preset=&#187;default&#187; global_colors_info=&#187;{}&#187;][et_pb_column type=&#187;1_2&#8243; _builder_version=&#187;4.17.4&#8243; _module_preset=&#187;default&#187; global_colors_info=&#187;{}&#187;][et_pb_text _builder_version=&#187;4.17.4&#8243; _module_preset=&#187;default&#187; global_colors_info=&#187;{}&#187;]<\/p>\n<h3>Fahrpreise<\/h3>\n<ul>\n<li>Erwachsene CHF 2.00 pro \u00dcberfahrt<\/li>\n<li>Kinder, Hunde, Velos CHF 1.00 pro \u00dcberfahrt<\/li>\n<li><strong>Schulklassen, Kinderkrippen und Tagesheime<\/strong>\n<ul>\n<li>Kinder unter 12 Jahren CHF 0.80<\/li>\n<li>Kinder ab 12 Jahren und Begleitpersonen CHF 1.60<\/li>\n<\/ul>\n<\/li>\n<li><strong>TNW- oder SBB-Tickets sind auf der F\u00e4hri nicht g\u00fcltig, dasselbe gilt f\u00fcr die BaselCard<\/strong>.<\/li>\n<\/ul>\n<ul>\n<li>Abos \u00e0 20 Fahrten sind f\u00fcr CHF 36.- auf den F\u00e4hren und f\u00fcr CHF 38.- an folgenden Verkaufspunkten erh\u00e4ltlich:<br \/><a href=\"http:\/\/faehri-1.klixa.work\/produkte\/\" target=\"_blank\" rel=\"noopener\">F\u00e4hri-Verein<\/a>, <a href=\"https:\/\/proinnerstadtbasel.ch\/\" target=\"_blank\" rel=\"noopener\">StadtKonzeptBasel (Pro Innerstadt Basel)<\/a><\/li>\n<\/ul>\n<p>Alle Angaben in CHF. Preis\u00e4nderungen vorbehalten.<\/p>\n<h3>Sommerfahrplan<\/h3>\n<div>(Beginn Sommerzeit bis Ende Sommerzeit)<\/div>\n<p>T\u00e4glich: 9:00 \u2013 20:00 Uhr<br \/>(Mai bis August bei trockenem Wetter bis 22 Uhr)<\/p>\n<h3>Winterfahrplan<\/h3>\n<div>(Beginn Winterzeit bis Ende Winterzeit)<\/div>\n<p>T\u00e4glich: 11:00 -17:00 Uhr<\/p>\n<h3>Spezielle Betriebszeiten<\/h3>\n<p>Basler Fasnacht:<br \/>Morgenstraich \/ Montag ab 02:00 bis 24:00 Uhr,<br \/>Dienstag und Mittwoch von 11:00 bis 24:00 Uhr<\/p>\n<p>M\u00e4rz 2025: 11:00 bis 18:00 Uhr<\/p>\n<p>Basel Tattoo: 09:00 bis 01:00<\/p>\n<p>Basler Herbstmesse: 10:00 bis 22:00<\/p>\n<h4>Vollmondfahrten 2026<\/h4>\n<p><span>Jeweils von 22 bis 23 Uhr, Freifahrt <\/span><span>f\u00fcr Mitglieder F\u00e4hri-Verein \u00a0(wer noch nicht Mitglied ist, kann sich vor Ort anmelden).<\/span><\/p>\n<p>Dienstag, 30. Juni<\/p>\n<p>Mittwoch, 29. Juli<\/p>\n<p>Freitag, 28. August<\/p>\n<h4>Urnenbeisetzungen<\/h4>\n<p>Pauschal 150.&#8211; CHF f\u00fcr maximal 1 Stunde.<br \/>An allen Wochentagen ausserhalb der Fahrzeiten m\u00f6glich.<br \/>Im Sommer w\u00fcnschenswert am Morgen vor 09:00 Uhr.<\/p>\n<h3>Hochwasser<\/h3>\n<p>Kein Fahrbetrieb bei Hochwasser (ab 7.90 m).<\/p>\n<h3>Sponsoring Gratistage f\u00fcr die Bev\u00f6lkerung (nur ganzt\u00e4gig m\u00f6glich)<\/h3>\n<p>An Wochentagen CHF 100.- pro Stunde An Wochenenden und Feiertagen CHF 200.- pro Stunde.<br \/>Nicht m\u00f6glich w\u00e4hrend der Basler Fasnacht, des Basel Tattoo und der Herbstmesse!<br \/>F\u00fcr Anfragen wenden Sie sich bitte an Alex Guerrieri.<\/p>\n<h3>F\u00e4hre mieten<\/h3>\n<p>Die F\u00e4hre kann grunds\u00e4tzlich ausserhalb der Betriebszeiten f\u00fcr Ap\u00e9ros, Fondues, Hochzeitssegnungen, Taufen, Urnenbeisetzungen an allen Wochentagen gemietet werden. Abweichungen sind nach Absprache m\u00f6glich.<br \/>Mietkosten erste Stunde CHF 150.-, jede weitere Stunde CHF 100.-<br \/>Die Mietpreise verstehen sich exkl. Konsumation.<\/p>\n<p>[\/et_pb_text][\/et_pb_column][et_pb_column type=&#187;1_2&#8243; _builder_version=&#187;4.17.4&#8243; _module_preset=&#187;default&#187; global_colors_info=&#187;{}&#187;][et_pb_text _builder_version=&#187;4.17.4&#8243; _module_preset=&#187;default&#187; global_colors_info=&#187;{}&#187;]<\/p>\n<h3>Auf der Vogel Gryff gilt f\u00fcr Reservationen:<\/h3>\n<h4>W\u00e4hrend der offiziellen Betriebszeiten<\/h4>\n<p>Nur von Montag bis Freitag m\u00f6glich (ausser w\u00e4hrend der Basler Fasnacht, des Basel Tattoo und der Herbstmesse)<br \/>Maximal 6 Personen, weil die F\u00e4hre zur gleichen Zeit weitere Passagiere bef\u00f6rdert.<\/p>\n<h4>Ausserhalb der offiziellen Betriebszeiten<\/h4>\n<p>Bis 16 Personen, maximal 12 Personen im Innenbereich der F\u00e4hre.<br \/>Die F\u00e4hre bietet f\u00fcr kleinere Gruppen bis 12 Personen einen grossen Tisch im Innenbereich.<\/p>\n<h4>Verpflegung\/Getr\u00e4nke<\/h4>\n<p>Werden nach Wunsch durch den F\u00e4hrimaa organisiert.<\/p>\n<p>Fondueplausch: Saison von Mitte Oktober bis Mitte M\u00e4rz\u00a0<\/p>\n<p>[\/et_pb_text][et_pb_text _builder_version=&#187;4.17.4&#8243; _module_preset=&#187;default&#187; global_colors_info=&#187;{}&#187;]<\/p>\n<h3>Cateringangebot und sonstige Verpflegung auf der F\u00e4hre<\/h3>\n<p>[\/et_pb_text][et_pb_image src=&#187;https:\/\/www.vogel-gryff-faehri.ch\/wp-content\/uploads\/2024\/09\/Angebot_VG_2024_09.png&#187; title_text=&#187;Angebot_VG_2024_09&#8243; url=&#187;https:\/\/www.vogel-gryff-faehri.ch\/wp-content\/uploads\/2024\/09\/2025-Faeaeri-Angebot-Quittung-Klingentalfaehri-.pdf&#187; _builder_version=&#187;4.17.4&#8243; _module_preset=&#187;default&#187; global_colors_info=&#187;{}&#187;][\/et_pb_image][et_pb_text _builder_version=&#187;4.17.4&#8243; _module_preset=&#187;default&#187; global_colors_info=&#187;{}&#187;]<\/p>\n<p>Preisliste &amp; Quittungvorlage, siehe <span><a href=\"https:\/\/www.vogel-gryff-faehri.ch\/wp-content\/uploads\/2024\/09\/2025-Faeaeri-Angebot-Quittung-Klingentalfaehri-.pdf\">PDF<\/a><\/span><\/p>\n<p>Kontakt via Mail an alex@faehri.ch oder \u00fcber Kontaktformular unten.<\/p>\n<p>[\/et_pb_text][\/et_pb_column][\/et_pb_row][et_pb_row _builder_version=&#187;4.17.4&#8243; _module_preset=&#187;default&#187; global_colors_info=&#187;{}&#187;][et_pb_column type=&#187;4_4&#8243; _builder_version=&#187;4.17.4&#8243; _module_preset=&#187;default&#187; global_colors_info=&#187;{}&#187;][et_pb_text _builder_version=&#187;4.17.4&#8243; _module_preset=&#187;default&#187; global_colors_info=&#187;{}&#187;]<\/p>\n<div class=\"wpb_text_column wpb_content_element \">\n<div class=\"wpb_wrapper\">\n<h3>Kontakt<\/h3>\n<\/div>\n<\/div>\n<div class=\"wpb_text_column wpb_content_element \">\n<div class=\"wpb_wrapper\">\n<p><strong>Alle Anfragen bitte ausschliesslich via Formular oder Mail senden, sie werden innerhalb von 24 Stunden beantwortet (ausser an Wochenenden und Feiertagen). Telefonische Anfragen werden nicht entgegengenommen.<br \/><\/strong><strong>F\u00fcr Reservationen bitte unbedingt Name, Datum, Zeit und Natel-\/Telefonnummer angeben.<\/strong><\/p>\n<\/div>\n<\/div>\n<p>[\/et_pb_text][\/et_pb_column][\/et_pb_row][et_pb_row column_structure=&#187;2_5,3_5&#8243; _builder_version=&#187;4.17.4&#8243; _module_preset=&#187;default&#187; global_colors_info=&#187;{}&#187;][et_pb_column type=&#187;2_5&#8243; _builder_version=&#187;4.17.4&#8243; _module_preset=&#187;default&#187; global_colors_info=&#187;{}&#187;][et_pb_text _builder_version=&#187;4.17.4&#8243; _module_preset=&#187;default&#187; global_colors_info=&#187;{}&#187;]<\/p>\n<h2>P\u00e4chter<\/h2>\n<p>[\/et_pb_text][et_pb_image src=&#187;https:\/\/www.vogel-gryff-faehri.ch\/wp-content\/uploads\/2023\/01\/Guerrieri_Alex_007_BB_WEB.jpg&#187; title_text=&#187;Guerrieri_Alex_007_BB_WEB&#187; _builder_version=&#187;4.17.4&#8243; _module_preset=&#187;default&#187; width=&#187;44%&#187; global_colors_info=&#187;{}&#187;][\/et_pb_image][et_pb_text _builder_version=&#187;4.17.4&#8243; _module_preset=&#187;default&#187; global_colors_info=&#187;{}&#187;]<\/p>\n<p>Alex Guerrieri<\/p>\n<p><a href=\"mailto:alex@faehri.ch\" title=\"Mailadresse\">alex@faehri.ch\u202d<\/a><br \/>+41 <span>79 659 63 67<\/span><\/p>\n<p>[\/et_pb_text][\/et_pb_column][et_pb_column type=&#187;3_5&#8243; _builder_version=&#187;4.17.4&#8243; _module_preset=&#187;default&#187; global_colors_info=&#187;{}&#187;][et_pb_contact_form email=&#187;alex@faehri.ch&#187; title=&#187;Anfrage&#187; custom_message=&#187;Anfrage \u00fcber Website||et_pb_line_break_holder||Betreff: %%Betreff%%||et_pb_line_break_holder||Name: %%Name%%||et_pb_line_break_holder||Datum (Reservationsanfrage): %%Datum%%||et_pb_line_break_holder||E-Mail-Adresse: %%Email%%||et_pb_line_break_holder||Telefon: %%Phone%%||et_pb_line_break_holder||Mitteilung\/Anfrage:||et_pb_line_break_holder||%%Message%%&#187; success_message=&#187;Ihre Anfrage wurde gespeichert, besten Dank!&#187; submit_button_text=&#187;Senden&#187; _builder_version=&#187;4.17.4&#8243; _module_preset=&#187;default&#187; _unique_id=&#187;8762432e-798e-46a6-941b-600cbe5e282e&#187; global_colors_info=&#187;{}&#187;][et_pb_contact_field field_id=&#187;Betreff&#187; field_title=&#187;Betreff&#187; fullwidth_field=&#187;on&#187; _builder_version=&#187;4.17.4&#8243; _module_preset=&#187;default&#187; global_colors_info=&#187;{}&#187;][\/et_pb_contact_field][et_pb_contact_field field_id=&#187;Name&#187; field_title=&#187;Name&#187; fullwidth_field=&#187;on&#187; _builder_version=&#187;4.17.4&#8243; global_colors_info=&#187;{}&#187; button_text_size__hover_enabled=&#187;off&#187; button_one_text_size__hover_enabled=&#187;off&#187; button_two_text_size__hover_enabled=&#187;off&#187; button_text_color__hover_enabled=&#187;off&#187; button_one_text_color__hover_enabled=&#187;off&#187; button_two_text_color__hover_enabled=&#187;off&#187; button_border_width__hover_enabled=&#187;off&#187; button_one_border_width__hover_enabled=&#187;off&#187; button_two_border_width__hover_enabled=&#187;off&#187; button_border_color__hover_enabled=&#187;off&#187; button_one_border_color__hover_enabled=&#187;off&#187; button_two_border_color__hover_enabled=&#187;off&#187; button_border_radius__hover_enabled=&#187;off&#187; button_one_border_radius__hover_enabled=&#187;off&#187; button_two_border_radius__hover_enabled=&#187;off&#187; button_letter_spacing__hover_enabled=&#187;off&#187; button_one_letter_spacing__hover_enabled=&#187;off&#187; button_two_letter_spacing__hover_enabled=&#187;off&#187; button_bg_color__hover_enabled=&#187;off&#187; button_one_bg_color__hover_enabled=&#187;off&#187; button_two_bg_color__hover_enabled=&#187;off&#187;][\/et_pb_contact_field][et_pb_contact_field field_id=&#187;Datum&#187; field_title=&#187;Datum (Reservationsanfrage)&#187; fullwidth_field=&#187;on&#187; _builder_version=&#187;4.17.4&#8243; _module_preset=&#187;default&#187; global_colors_info=&#187;{}&#187;][\/et_pb_contact_field][et_pb_contact_field field_id=&#187;Email&#187; field_title=&#187;E-Mail Adresse&#187; field_type=&#187;email&#187; _builder_version=&#187;4.17.4&#8243; global_colors_info=&#187;{}&#187; button_text_size__hover_enabled=&#187;off&#187; button_one_text_size__hover_enabled=&#187;off&#187; button_two_text_size__hover_enabled=&#187;off&#187; button_text_color__hover_enabled=&#187;off&#187; button_one_text_color__hover_enabled=&#187;off&#187; button_two_text_color__hover_enabled=&#187;off&#187; button_border_width__hover_enabled=&#187;off&#187; button_one_border_width__hover_enabled=&#187;off&#187; button_two_border_width__hover_enabled=&#187;off&#187; button_border_color__hover_enabled=&#187;off&#187; button_one_border_color__hover_enabled=&#187;off&#187; button_two_border_color__hover_enabled=&#187;off&#187; button_border_radius__hover_enabled=&#187;off&#187; button_one_border_radius__hover_enabled=&#187;off&#187; button_two_border_radius__hover_enabled=&#187;off&#187; button_letter_spacing__hover_enabled=&#187;off&#187; button_one_letter_spacing__hover_enabled=&#187;off&#187; button_two_letter_spacing__hover_enabled=&#187;off&#187; button_bg_color__hover_enabled=&#187;off&#187; button_one_bg_color__hover_enabled=&#187;off&#187; button_two_bg_color__hover_enabled=&#187;off&#187;][\/et_pb_contact_field][et_pb_contact_field field_id=&#187;Phone&#187; field_title=&#187;Telefonnummer&#187; _builder_version=&#187;4.17.4&#8243; _module_preset=&#187;default&#187; global_colors_info=&#187;{}&#187;][\/et_pb_contact_field][et_pb_contact_field field_id=&#187;Message&#187; field_title=&#187;Mitteilung\/Anfrage&#187; field_type=&#187;text&#187; fullwidth_field=&#187;on&#187; _builder_version=&#187;4.17.4&#8243; global_colors_info=&#187;{}&#187; button_text_size__hover_enabled=&#187;off&#187; button_one_text_size__hover_enabled=&#187;off&#187; button_two_text_size__hover_enabled=&#187;off&#187; button_text_color__hover_enabled=&#187;off&#187; button_one_text_color__hover_enabled=&#187;off&#187; button_two_text_color__hover_enabled=&#187;off&#187; button_border_width__hover_enabled=&#187;off&#187; button_one_border_width__hover_enabled=&#187;off&#187; button_two_border_width__hover_enabled=&#187;off&#187; button_border_color__hover_enabled=&#187;off&#187; button_one_border_color__hover_enabled=&#187;off&#187; button_two_border_color__hover_enabled=&#187;off&#187; button_border_radius__hover_enabled=&#187;off&#187; button_one_border_radius__hover_enabled=&#187;off&#187; button_two_border_radius__hover_enabled=&#187;off&#187; button_letter_spacing__hover_enabled=&#187;off&#187; button_one_letter_spacing__hover_enabled=&#187;off&#187; button_two_letter_spacing__hover_enabled=&#187;off&#187; button_bg_color__hover_enabled=&#187;off&#187; button_one_bg_color__hover_enabled=&#187;off&#187; button_two_bg_color__hover_enabled=&#187;off&#187;][\/et_pb_contact_field][\/et_pb_contact_form][\/et_pb_column][\/et_pb_row][\/et_pb_section][et_pb_section fb_built=&#187;1&#8243; fullwidth=&#187;on&#187; _builder_version=&#187;4.17.4&#8243; _module_preset=&#187;default&#187; global_colors_info=&#187;{}&#187;][et_pb_fullwidth_image src=&#187;https:\/\/www.vogel-gryff-faehri.ch\/wp-content\/uploads\/2023\/01\/Karte_Basel_Faehren_VG.png&#187; title_text=&#187;Karte_Basel_Faehren_VG&#187; _builder_version=&#187;4.17.4&#8243; _module_preset=&#187;default&#187; global_colors_info=&#187;{}&#187;][\/et_pb_fullwidth_image][\/et_pb_section]<\/p>\n","protected":false},"excerpt":{"rendered":"<p>Herzlich Willkommen auf der Webseite der Vogel Gryff-F\u00e4hreFahrpreise Erwachsene CHF 2.00 pro \u00dcberfahrt Kinder, Hunde, Velos CHF 1.00 pro \u00dcberfahrt Schulklassen, Kinderkrippen und Tagesheime Kinder unter 12 Jahren CHF 0.80 Kinder ab 12 Jahren und Begleitpersonen CHF 1.60 TNW- oder SBB-Tickets sind auf der F\u00e4hri nicht g\u00fcltig, dasselbe gilt f\u00fcr die BaselCard. Abos \u00e0 20 [&hellip;]<\/p>\n","protected":false},"author":1,"featured_media":0,"parent":0,"menu_order":0,"comment_status":"closed","ping_status":"closed","template":"","meta":{"_et_pb_use_builder":"on","_et_pb_old_content":"","_et_gb_content_width":"","footnotes":""},"class_list":["post-12","page","type-page","status-publish","hentry"],"_links":{"self":[{"href":"https:\/\/www.vogel-gryff-faehri.ch\/index.php?rest_route=\/wp\/v2\/pages\/12","targetHints":{"allow":["GET"]}}],"collection":[{"href":"https:\/\/www.vogel-gryff-faehri.ch\/index.php?rest_route=\/wp\/v2\/pages"}],"about":[{"href":"https:\/\/www.vogel-gryff-faehri.ch\/index.php?rest_route=\/wp\/v2\/types\/page"}],"author":[{"embeddable":true,"href":"https:\/\/www.vogel-gryff-faehri.ch\/index.php?rest_route=\/wp\/v2\/users\/1"}],"replies":[{"embeddable":true,"href":"https:\/\/www.vogel-gryff-faehri.ch\/index.php?rest_route=%2Fwp%2Fv2%2Fcomments&post=12"}],"version-history":[{"count":27,"href":"https:\/\/www.vogel-gryff-faehri.ch\/index.php?rest_route=\/wp\/v2\/pages\/12\/revisions"}],"predecessor-version":[{"id":130,"href":"https:\/\/www.vogel-gryff-faehri.ch\/index.php?rest_route=\/wp\/v2\/pages\/12\/revisions\/130"}],"wp:attachment":[{"href":"https:\/\/www.vogel-gryff-faehri.ch\/index.php?rest_route=%2Fwp%2Fv2%2Fmedia&parent=12"}],"curies":[{"name":"wp","href":"https:\/\/api.w.org\/{rel}","templated":true}]}}